 1. Let j be c(2). Let m = j + 14. What are the prime factors of m?
5
Let v(b) = 34*b**2 - 1. List the prime factors of v(1).
3, 11
Suppose -15*j = -20*j + 1060. List the prime factors of j.
2, 53
Suppose 0 = 12*q - 2501 + 257. List the prime factors of q.
11, 17
Let y(k) = 8*k - 2 + 0 - 5 + 0. Let j be y(5). Suppose 0 = i - 2*q - 8, 4*i + 5*q - j = 25. List the prime factors of i.
2, 3
Suppose i - c + 16 = 2*c, 0 = -5*c - 15. Let x be (2/(-5))/((-2)/190). Let m = i + x. What are the prime factors of m?
13
Suppose -c + 2 = -24. What are the prime factors of c?
2, 13
Let b(y) = -y**3 - 4*y**2 + 7*y + 18. What are the prime factors of b(-6)?
2, 3
Let m(b) = 3*b**2 + 9*b - 7. Let w be m(6). Suppose 3 - w = 4*d. What are the prime factors of (-1)/(2 + d/18)?
3
Suppose b + 0*b - 2 = 0. Let a be 3 - 1/(b + -1). Suppose -a*n + 9 = n. List the prime factors of n.
3
List the prime factors of -3*(-2)/(((-36)/267)/(-2)).
89
Let k be 0/(4/4*1). List the prime factors of (-11 - k)*(1 + -2).
11
Let t = 7 - 2. Let c(w) = w**3 + 8*w**2 - 7*w - 5. Let n be c(-8). Suppose 1 - n = -t*f + l, -10 = 2*l. List the prime factors of f.
3
Suppose -5*n + 280 = 2*n. List the prime factors of n.
2, 5
Let s(k) = k. Let m be s(4). Suppose 0 = 3*u + m*b - 110 + 19, -4*b - 34 = -2*u. What are the prime factors of u?
5
Let i be (-44)/(-10) + (-6)/15. Suppose 0*z - 24 = -i*z. List the prime factors of z.
2, 3
Suppose 4*i = 4*r - i - 9, r + 3*i - 15 = 0. Suppose -c = 4*c - 4*g + 2, 5*g = -10. What are the prime factors of ((-10)/3)/(c/r)?
2, 5
Suppose -2*c - 2 = -3*c. Suppose -c*o + 12 = -5*o. Let i = o + 13. List the prime factors of i.
3
Let a be ((-119)/(-14))/(1/12). Suppose 4*p - 127 = 3*i, -4*p - 5*i - 15 + a = 0. List the prime factors of p.
2, 7
Let h(p) = 18*p + 54. List the prime factors of h(17).
2, 3, 5
Let t = 440 - 214. What are the prime factors of t?
2, 113
Let t(z) = 3*z**3 - 2*z + 5*z - 7*z - 3 - 8*z**2 - 1. What are the prime factors of t(4)?
2, 11
Suppose -12 = -3*f, 2*y - 6*y + 5*f = 0. List the prime factors of (1 - 0) + 1 + y.
7
Let f be -2 + (-8 - (1 - 2)). Let q = f - -14. List the prime factors of q.
5
Suppose 64 = 2*o + 20. What are the prime factors of o?
2, 11
Let a(o) = o**2 - 3*o - 2. What are the prime factors of a(-1)?
2
Let x = 698 + -454. What are the prime factors of x?
2, 61
Let n = 3 - -2. Suppose 8*w - 4*w = n*t + 121, 125 = 5*w - t. Suppose -w = -p - 2*p. What are the prime factors of p?
2
Let u(y) = -2*y**2 - y - y**2 + 7*y**2. List the prime factors of u(1).
3
Let y be (0 + -2)/(4/(-8)). Suppose y*q + 22 = 5*t - 28, -5*t + 25 = q. What are the prime factors of t?
2, 3
Let w(b) = -2*b - 10. Let u be w(-7). Suppose 0*a - u*a = 0. Suppose a = -2*f - 3 + 17. What are the prime factors of f?
7
Let n(t) = t + 12. Suppose 0 = 2*f - h - 4, 1 = -f + 3*h + 13. Suppose -4*a + 3*a - 6 = f. List the prime factors of n(a).
2, 3
Suppose 2*l + 6 = t - 3*t, -4*l - 2*t = 18. Let b = l + 10. List the prime factors of b.
2
Let x = 9 + -6. Suppose -4*z = x*j - 0*j - 1, 0 = 2*z + 5*j - 11. List the prime factors of (14/4)/(z/(-4)).
7
Suppose 8*x = 4*x + 100. Suppose -b = -x - 0. List the prime factors of b.
5
Let q = 29 - 26. Suppose -3*z + 3*o = -30, z = -0*z - q*o + 14. What are the prime factors of z?
11
What are the prime factors of 18*(42/4 - 2)?
3, 17
Let z be 327/(-9) - 4/(-12). Let x = z - -66. What are the prime factors of x?
2, 3, 5
What are the prime factors of (6 - 5) + 2 + 169?
2, 43
What are the prime factors of (-12)/(-8)*(-4)/(-3)?
2
Let v = 13 + 48. What are the prime factors of v?
61
List the prime factors of (-212)/(-18) + 8/36.
2, 3
Let i be (-6)/24 + (-54)/8. Suppose 4*y + 10 + 2 = 0. Let r = y - i. What are the prime factors of r?
2
Let d(h) = -2*h - 3. Let g be d(-7). Suppose 4*a = 2*u + 42, 0 = 3*u - g + 2. What are the prime factors of a?
2, 3
Let q = 5 - -18. List the prime factors of q.
23
Let p = -7 - -11. Suppose 20 = -p*l + 84. What are the prime factors of l?
2
Let w(a) = -16*a**3 + 2*a**2 + a - 2. List the prime factors of w(-2).
2, 3, 11
Suppose 5 = 4*f - 15. Suppose -f*m - 4 = -14. List the prime factors of m.
2
Let m = 20 - 14. Let d(i) = i**2 - 6*i - 1. Let u be d(m). Let o = 1 - u. What are the prime factors of o?
2
Let q(d) = d**2 - 2*d + 1. List the prime factors of q(-4).
5
Let k(a) = a**2 - 4*a - 3. Let m be k(4). Let g(z) = -z**3 - 3*z**2 + 4*z + 3. Let j be g(-3). What are the prime factors of m*(j/3 + 0)?
3
Suppose 3*m = 2*v - 7*v + 70, 5*m - 3*v = 94. Let l = m - 14. List the prime factors of (-3)/2*(-8)/l.
2
Suppose 1 = z - 2. Suppose -3*p + 56 - 14 = z*r, 5*p = 3*r - 42. List the prime factors of r.
2, 7
Suppose -r + 25 = -3*r - 5*s, -2*r + 2*s + 10 = 0. Suppose -n + 0*n - 1 = 0, r = -5*c + 4*n + 109. List the prime factors of c.
3, 7
Let o(l) = 2*l**2 + l - 2. Let k be o(-2). Suppose -k*y + 19 = -1. Suppose x - 3*u = 4*x - 36, -5*x = -y*u - 40. What are the prime factors of x?
2, 5
Suppose -10 = -2*z, 0*z - z + 240 = v. What are the prime factors of v?
5, 47
Let o be 4/(-18) - (-120)/54. Suppose -u + 4*u + 5*k - 40 = 0, u = o*k - 5. Suppose 3*d - 5*q + q - 22 = 0, 20 = -u*q. What are the prime factors of d?
2
Suppose 2*r - 3*m = 7*r - 219, 15 = 5*m. What are the prime factors of r?
2, 3, 7
Suppose 0 = u - 4*u + 51. What are the prime factors of u?
17
What are the prime factors of 6660/28 + 3 + (-3)/(-21)?
241
Let t be ((-4)/(-10))/(3/(-15)). Let f be 0*(3/(-2) - t). Suppose f*u = -4*u + 48. What are the prime factors of u?
2, 3
Let v = -7 - -4. Let f be (1*v)/(1/2). Let t(i) = i**3 + 7*i**2 + 3*i - 1. What are the prime factors of t(f)?
17
Let j(m) = -m**3 + 7*m**2 - 5*m - 3. Let v be j(6). Let g(h) = h**2 - 3*h - 5. Let f be g(4). Let s = v + f. What are the prime factors of s?
2
Let z(d) = 78*d - 4. Let c be z(-2). List the prime factors of c/(-12)*27/12.
2, 3, 5
Suppose -c + 0*c = p - 7, -4*p + 5*c = -55. Suppose g - 17 = 5*n, -11 = -3*g + 5*n + p. What are the prime factors of (-9)/((-6)/8*g)?
2, 3
Suppose -6*q = -q - 510. What are the prime factors of q?
2, 3, 17
Suppose 0 = -0*z - z + 5. Suppose 0 = -3*q + z*q - 6. Suppose 0 = 5*f + q*x - 10, -x - x = 0. What are the prime factors of f?
2
Suppose 1 = -3*t - 5, -36 = -4*u + 4*t. List the prime factors of 68/u - 2/(-7).
2, 5
List the prime factors of 15 - -1 - (0 + -3).
19
Suppose 2*p = -5*c + 32, c + 4*p + 0*p - 10 = 0. Let j(f) = 2*f**2 - 8*f - 4. What are the prime factors of j(c)?
2, 5
Let i(q) = 3*q + 1. Let x be i(1). Suppose -5*k - 16 + 6 = 0. Let u = k + x. List the prime factors of u.
2
Let f(m) be the second derivative of m**4/12 - 2*m**3/3 - 5*m**2/2 + 2*m. Let v be f(6). Let w(r) = -r**2 + 9*r - 7. What are the prime factors of w(v)?
7
Let t be (-501)/(-33) - 4/22. Suppose 4*y - 20 = 5*f, -y - f - 1 = -t. List the prime factors of y.
2, 5
Let n(y) = -97*y + 3. Let u be n(3). What are the prime factors of u/(-30) + (-4)/(-10)?
2, 5
What are the prime factors of -2 + 34 + -8 - (-1 - 1)?
2, 13
Let j be (0 + (6 - 3))*3. Suppose -2*c + 8 = -2*g, -4*c - g + j = 2*g. What are the prime factors of (162/3)/c + -1?
17
Let u(i) be the third derivative of i**5/30 + i**4/8 - i**3/3 - i**2. List the prime factors of u(2).
2, 3
Let w = 15 - 21. Let u(h) = h + 11. Let q be u(w). List the prime factors of 12 + q/((-5)/2).
2, 5
Suppose -3*w + 573 = 3*j, j - 2*w - 176 = -6*w. What are the prime factors of j?
2, 7
Let j(w) = w - 4. Let l be j(7). Suppose 24 = l*r + 18. What are the prime factors of r?
2
Let x(h) = 3 - 2*h + h**2 + 3*h + 3*h. Let w be x(-5). Suppose 2*s - o - w = 8, 0 = -3*s + o + 24. What are the prime factors of s?
2
Suppose 4*l = -4*j + 120, -4*l + 0*l = -4*j - 80. Suppose -5*c + 11 = z, 5*c = 3*z + 2*z - l. What are the prime factors of (-4)/z*90/(-4)?
3, 5
Suppose 5*q + k = 328, -2*q = -5*k + 3*k - 136. List the prime factors of q.
2, 3, 11
Suppose 2*c - 3*c + 9 = 0. Let z(m) = 4*m - 11. What are the prime factors of z(c)?
5
Suppose 0*w - 478 = -2*w - 4*j, 2*j = 4. What are the prime factors of w?
5, 47
Suppose 2*c + 12 = 6*c. List the prime factors of c.
3
Suppose -2*b - 10 = 3*b. Let s = 7 + -5. List the prime factors of (-27)/b + s/(-4).
13
Let u = -14 + -23. Let a = -22 - u. List the prime factors of a.
3, 5
Suppose -3*q - 5*t + 24 = 0,